+ 0*x - x**3 - 43*x**2 - 5 + 4*x. Let w(j) = 5*j + 7 - 12 - 8 - j**3 + 11*j**2. Let h(k) = -4*p(k) + 3*w(k). Give h(7).
2
Let t(b) = -b**3 - 4*b**2 - b + 2. Let l be (-10)/50 + (-11)/(-5). Suppose 0 = -l*q + 4 - 10. Determine t(q).
-4
Let r be (-14)/(-1*3/(-6)). Let z = r - -32. Suppose p - 3*p + z = 0. Let d(t) = t**3 - 2*t**2 + t. Determine d(p).
2
Let x(w) = 2*w + 1. Let d(a) be the first derivative of a**3/3 + 7*a**2/2 + 9*a + 10. Let u be d(-6). What is x(u)?
7
Let w(a) = -10*a + 3*a**3 - 16 - 4*a - 2*a + 2*a**2. Let t(u) = u**3 + u**2 - 5*u - 5. Let p(q) = 7*t(q) - 2*w(q). Determine p(-2).
7
Let r(x) = -3*x**3 - x**2 - 2*x - 1. Let p(w) = w**3 - 8*w**2 + 8*w - 5. Let c be p(7). Let k be (6 + -9)*c/6. Calculate r(k).
3
Let i(q) = 2*q**2 + 6*q - 4. Suppose -21*t = 26*t + 188. What is i(t)?
4
Let g(k) be the second derivative of -1/12*k**4 + 1/60*k**5 + 1/3*k**3 + 0 - 5*k + 1/2*k**2. Let o(a) be the first derivative of g(a). What is o(5)?
17
Let k be 3/(-4) - 3/12. Let r(l) be the third derivative of 1/24*l**4 + 0 + 15*l**2 + 1/60*l**6 + 0*l**3 + 0*l + 0*l**5. Determine r(k).
-3
Let j(l) = -39*l + 4. Let w(t) = 43*t - 4. Let q(g) = 5*j(g) + 4*w(g). Give q(2).
-42
Let v(m) = m**3 + m**2 - m + 9. Suppose -s + 3 = -0. Suppose -s*n + 2*y - 4 = -8*n, -2*y - 16 = -5*n. Suppose n*z - 3*q = -12, 0*z - 4*q + 16 = 2*z. Give v(z).
9
Let r be -27*(1/12)/((-31)/(-124)). Let q(l) = l**2 + 11*l + 15. Calculate q(r).
-3
Let b(i) = 5*i**3 + 3*i**2 - 11*i + 5. Let t(p) = 4*p**3 + p**2 - 9*p + 5. Let m(a) = 5*b(a) - 6*t(a). Determine m(-9).
4
Let a be 17/5 + (-4)/10. Suppose -a*m + 3 = -0. Let p(g) = 5 + 5*g**2 - m + 0 + 4*g - 4*g**2. Give p(-3).
1
Let x(c) be the third derivative of -11/6*c**3 + 0 + 17*c**2 + 0*c - 1/24*c**4. Calculate x(-10).
-1
Let w(b) = 7*b + 11*b + 6*b - 7*b. Suppose -8*p = -6*p + 40. Let u be 5/(p/8) - -1. Determine w(u).
-17
Suppose 0 = 5*s - 2*s - 12. Suppose -4*g = -5*f - 19, -f - 10 = f - s*g. Let h(b) = -b**3 + 0*b**2 + 35 - 3*b**2 + 3*b - 31. What is h(f)?
-5
Let t(o) = -7*o + 6. Let f be 6*(-2 - 51/(-18)). What is t(f)?
-29
Let w(k) be the third derivative of 1/60*k**5 + k**2 + 5/3*k**3 - 5*k - 11/24*k**4 + 0. Calculate w(8).
-14
Suppose -5*a + 58 = -j + 76, -j + 2*a + 6 = 0. Let x(k) = -3*k**3 + k**2 - k - 1. Calculate x(j).
29
Let f(c) = c**2 + 1. Let v(m) = m**3 - 2*m**2 - 2. Let n(r) = 2*f(r) + v(r). What is n(0)?
0
Let q = -1 + 2. Let b be q/3 - 6/(-9). Let m(h) = -4*h**2 - 4*h + 15. Let y(z) = -3*z**2 - 5*z + 22. Let g(o) = 3*m(o) - 2*y(o). What is g(b)?
-7
Let f(o) = o**3 + 5*o**2 - 7*o + 7. Let j(n) = -2*n**3 - 3*n**2 + 1. Let x be j(-2). Let z be (-4 - -2)*(8 - x). What is f(z)?
13
Let j(k) be the first derivative of k**4/4 - 7*k**3/3 + k**2 + 5*k + 154. Determine j(7).
19
Let d(h) be the third derivative of -h**6/120 + h**5/10 + h**4/6 + 5*h**3/3 - 2*h**2. Let n be d(7). Let l = 4 + n. Let g(t) = -t**2 - 6*t + 8. What is g(l)?
1
Let q(z) = z**2. Let w = -172 - -171. Let v be (-1)/(-3 + (3 - w)). Calculate q(v).
1
Let l be (11/(-33) + (-6)/9)*-10. Let b(s) = -s**3 + 11*s**2 - 10*s + 3. What is b(l)?
3
Suppose 9*f = 4*f. Let y = -4 - -8. Let c(j) = -y + 1 + j + 4. Determine c(f).
1
Suppose -4 = -29*b + 27*b. Suppose -b = 5*d - 2*w, 8 = 5*d + 5*w + 38. Let v(n) be the third derivative of -n**4/12 - n**3/6 + 2*n**2. What is v(d)?
3
Let m(s) = 3*s + 45. Suppose 5*b - 28 = 2*k, -k - 3*b - 109 + 95 = 0. Determine m(k).
3
Let z be (2/1 - -10)/(3/2). Let h(b) = b**3 - 9*b**2 + 7*b + 7. Calculate h(z).
-1
Suppose 0 = 4*z - 5*i - 24, 0*z + 2*i + 11 = 3*z. Let k(u) = -5*u**2 + 2*u**2 + 3*u**2 - z + u**2 + 3*u. Let a be 2/(-4)*(7 + -1). Give k(a).
-1
Let j = -1427 - -1427. Let p(r) be the third derivative of 1/60*r**5 + j*r + 10*r**2 - 7/60*r**6 + 0 + 0*r**4 + 0*r**3. What is p(1)?
-13
Suppose -2*l + 5 = -4*a - 1, 0 = -2*l - 3*a + 20. Let o(x) be the second derivative of -1/6*x**3 - x + 11/2*x**2 + 0. Determine o(l).
4
Let l(q) = -q**3 + 6*q**2 - 5*q - 1. Let j(u) = 2*u - 3. Suppose -6*h + 40 = -h. Suppose 2*n - 4*i = h, 5*n = i + 30 - 10. Let a be j(n). Determine l(a).
-1
Let v(i) = 6*i**3 + i - 1. Let n(j) = j**3 - 6*j**2 + 1. Let g be (0 - -27)*3/9. Suppose -3*d + g = -9. Let p be n(d). Determine v(p).
6
Let w be 3 - (5 + -2) - -3. Let y(s) be the third derivative of -s**5/60 + s**4/6 + 2*s**2 + 210. Give y(w).
3
Let w(g) = -g + 3. Let o be w(-4). Let y(s) = -s - o + 1 - 1. Give y(-4).
-3
Let p(u) = 38*u - 16*u - 7*u - 11*u + 1. Let h be 1 - -1*(1 - -1). What is p(h)?
13
Let q(k) be the first derivative of -k**3/3 + 3*k**2/2 + 10*k + 72. Give q(8).
-30
Let c(s) = s**2 - 1. Let k(b) = -b**3 + b**2 - 5*b + 11. Let t be -1 + (-4 - -3) + -3. Let f(g) = t*c(g) - k(g). Calculate f(5).
-6
Let a(p) = -p**2 - 4. Let b be 19 + -3*(5 + -4). Suppose -7*j + b = -5. Give a(j).
-13
Let p be ((-4)/(-3))/(2/(-6)). Let r(g) be the first derivative of g**2 + 5*g + 111. What is r(p)?
-3
Let x(a) = 6*a - 46. Let v(c) = -c + 10. Let j(n) = -4*v(n) - x(n). Determine j(3).
0
Let z(n) = 2*n - 1. Let x(o) = 3*o - 1. Let j(f) = 5*x(f) - 8*z(f). Let s be j(-10). Let u = -9 + s. Let c(w) = -w**3 + 5*w**2 - 3*w - 3. What is c(u)?
1
Let f(q) = 8*q + 28. Let x be f(-3). Let w(i) be the first derivative of 5/3*i**3 - 1/4*i**x + 7 - 2*i**2 + 2*i. Determine w(3).
8
Let q be (1/2)/((-1)/(-10)). Suppose -5*o + q*g = -30, o + 4*g + 14 = -0*g. Let n(w) = -4*w**2 + o + 3*w**3 - 2*w + 0*w + w - 6*w**3. What is n(-2)?
12
Suppose -11 = -5*k + 4*w - 2*w, 18 = 4*k + 3*w. Let l(q) = -6*q + 4. Let b(o) = -7*o + 3. Let r(h) = k*b(h) - 2*l(h). What is r(1)?
-8
Let l(b) be the second derivative of b**4/12 - b**3/3 - 8*b**2 + 545*b - 2. Calculate l(-5).
19
Let v(w) = -w**3 + 18*w**2 - 16*w - 10. Let p = 941 - 924. What is v(p)?
7
Let w(k) be the second derivative of k**3/3 + 28*k + 1. Let o(s) = -s**3 - 4*s**2 + 6*s + 7. Let i be o(-5). What is w(i)?
4
Let o(k) = -k**3 + 4*k + 3. Let v be o(-2). Suppose v*r = -t + 13, 0 = 2*t - t - 2*r + 12. Let x(i) = -4 + 5 + 2 + 4*i. Give x(t).
-5
Let w(f) = -f + 33. Let t be w(9). Let r(n) = -n**2 + 22*n + 44. What is r(t)?
-4
Let r(o) = -6*o + 24*o - 9*o - 3*o - o - 4. Suppose 0 = -h + 3. What is r(h)?
11
Let a(w) = -2*w - 28. Let g(y) = y + 16. Let d(k) = -2*a(k) - 3*g(k). Let m = -24 - -14. What is d(m)?
-2
Let o(k) = -k + 8. Let i be o(5). Suppose 5*p + 10 = 30, i*p = 2*h + 24. Let a(w) = w**2 + 6*w + 5. Calculate a(h).
5
Let l(p) = p + 28. Suppose 5*s - 10 = f, -4*f + s = -3*f + 2. What is l(f)?
28
Suppose -3*q - 44 = 19*q. Let k(t) = 14*t**2 - 11*t + 9. Let y(z) = -5*z**2 + 4*z - 3. Let o(p) = -6*k(p) - 17*y(p). Give o(q).
5
Let c(f) be the second derivative of f**4/12 - f**3/3 - 13*f**2/2 - 5*f - 4. What is c(-6)?
35
Let r(u) = -u**2 + 12*u - 11. Suppose -5*b - 2*n + 63 = 0, 2*b = -2*b - 4*n + 60. Determine r(b).
0
Let d(x) be the second derivative of -x**2 + 18*x + 1/6*x**4 + 0*x**3 + 1/20*x**5 + 0. Give d(-2).
-2
Suppose 3*i + 4*a = -1, 5*i + 4*a = -0*a + 9. Let r = 9 - 7. Let x(y) = -10*y**2 + 11*y**2 - 3 + 8*y - 2*y**r. Give x(i).
12
Let q be 0/(1 - 16/4). Let f(o) = 5 + 5*o + q + 1 + 2*o**2 - o**2. What is f(-5)?
6
Let g(j) = -2*j - 3. Let o(a) = -a**2 - a - 1. Let c(v) = 15*v**3 - 6*v**2 - 4*v - 6. Let p(s) = -c(s) + 5*o(s). Let z be p(1). Let q = z - -11. Calculate g(q).
3
Let g(m) = -m**3 + 5*m**2 + 12*m + 9. Let l be 21/3*(-2)/(-2). Determine g(l).
-5
Let a(i) = -2 + i**3 + 7 + 7*i + 374*i**2 - 369*i**2. Calculate a(-5).
-30
Let y = -50 + 222. Suppose -4*m + y = -4*n + 60, -m = 0. Let r be (6/(-7))/(6/n). Let s(h) = -h**3 + 3*h**2 + 3. What is s(r)?
-13
Let r(o) = 6 - o**2 - 4*o + 3 + 8*o - 7. What is r(4)?
2
Let k(l) = -l**2 - 2*l. Let b be -2*((-42)/(-12) + -3). What is k(b)?
1
Let v = 37 - 29. Suppose v = 3*f - 5*f. Let o(m) = -2*m - 2. Determine o(f).
6
Let w(i) = 0*i**2 - 2*i**2 + 0*i - 32 + 14 + 7 - 16*i. Calculate w(-7).
3
Suppose -2*c + 2*i = i + 8, -2*i = -3*c - 13. Let u = -3 - c. Let y(p) = -p - 14. Give y(u).
-14
Let a(k) = -15*k + 1. Suppose -9*b - 58 = -49. What is a(b)?
16
Let y(f) be the third derivative of f**6/24 + 6*f**2 + 13. What is y(-1)?
-5
Let y(w) = 3*w + 1. Let l = 393 - 251. Let z = -144 + l. Give y(z).
-5
Let r(s) be the first derivative of s**4/4 - 3*s**3 + 7*s**2/2 - s - 221. Determine r(8).